2 - 31020*n - 1112. Calculate a(277).
-4
Let b(y) = -12944*y + 64670. Determine b(5).
-50
Let l(q) = -3701*q**2 + 7473*q - 6. Give l(2).
136
Let n(g) = -42214*g**2 + 42476*g - 1. Give n(1).
261
Let n(d) = d**3 + 79*d**2 - 515*d - 42584. Determine n(-79).
-1899
Let y(x) = -x**3 - 21*x**2 + 148*x + 1825. What is y(-24)?
1
Let h(d) = 130*d**2 + 367*d. Calculate h(-3).
69
Let c(a) = -24*a**2 - 919*a + 669. Determine c(-39).
6
Let i(f) = f**2 - 2464*f + 489686. Determine i(218).
58
Let i(f) = -3466*f + 3455599. What is i(997)?
-3
Let f(p) = 11*p**3 + 20*p**2 + 181*p + 312. Give f(-3).
-348
Let c(x) = -70450*x + 422691. What is c(6)?
-9
Let n(u) = -850088*u - 25502650. Calculate n(-30).
-10
Let g(t) = 3*t**3 - 10*t**2 + 24*t - 354. Calculate g(5).
-109
Let g(h) = -2*h**3 - 405*h**2 - 169*h + 6695. Calculate g(-202).
29
Let c(k) = -12204*k - 74099. What is c(-6)?
-875
Let f(r) = -10*r**2 + 172*r - 856. Determine f(4).
-328
Let m(c) = -3978*c - 179084. Give m(-45).
-74
Let n(l) = -l**2 - 2003*l + 210246. Calculate n(100).
-54
Let p(s) = 2060*s + 30849. What is p(-15)?
-51
Let o(f) = -115*f**2 - 3356*f + 2606. What is o(-30)?
-214
Let c(o) = 11751*o + 728520. What is c(-62)?
-42
Let g(p) = 90878*p + 999652. What is g(-11)?
-6
Let v(d) = d**2 - 62*d + 239. Calculate v(23).
-658
Let a(j) = -139*j + 6285. Calculate a(45).
30
Let x(f) = -f**2 - 107*f - 2883. Calculate x(-69).
-261
Let k(q) = -14*q**2 - 3305*q - 13261. What is k(-232)?
-37
Let c(q) = 573*q - 11341. Calculate c(23).
1838
Let p(b) = -2*b**2 + 283*b - 9285. Calculate p(107).
-1902
Let j(m) = -1710*m + 323206. Calculate j(189).
16
Let y(s) = s**3 - 318*s**2 - 625*s - 4950. Determine y(320).
-150
Let a(b) = -3*b**2 + 287*b + 2259. Calculate a(103).
-7
Let c(v) = v**2 - 148*v - 348. Give c(151).
105
Let t(o) = 2*o**3 - 52*o**2 - 1022*o + 26894. What is t(24)?
62
Let q(d) = -d**3 - 16*d**2 - 44*d - 1117. What is q(-17)?
-80
Let n(o) = o**3 - 191*o**2 - 612*o - 102. Calculate n(-3).
-12
Let y(h) = 31*h - 3089. Determine y(26).
-2283
Let f(y) = -50*y**2 - 538*y - 138. Give f(-11).
-270
Let l(s) = -s**2 + 1035*s + 96450. Give l(-86).
44
Let n(i) = i**3 + 44*i**2 + 476*i - 139. Calculate n(-23).
22
Let k(j) = 2*j**2 + 285*j + 4982. Determine k(-16).
934
Let d(y) = y**2 - 28*y - 189. What is d(-5)?
-24
Let b(f) = 23*f**2 - 719*f - 3069. Give b(35).
-59
Let z(q) = -144965*q - 724820. Give z(-5).
5
Let p(o) = 2919*o + 288965. What is p(-99)?
-16
Let n(u) = -u**3 - 10*u**2 - 91*u - 1069. Give n(-11).
53
Let t(f) = 2*f**3 + 638*f**2 - 626*f + 4489. What is t(-320)?
9
Let h(f) = 70581*f + 576. What is h(0)?
576
Let r(k) = -k**3 + 61*k**2 - 8*k + 81. Calculate r(61).
-407
Let m(l) = -5*l**2 - 9492*l - 28434. Calculate m(-3).
-3
Let k(x) = -x**2 + 9*x + 307. Determine k(30).
-323
Let x(l) = 537*l**2 + 100*l + 184. Give x(-2).
2132
Let p(t) = 503*t + 43182. What is p(-86)?
-76
Let v(q) = -11*q**3 + 36*q**2 + 307*q - 343. What is v(1)?
-11
Let r(m) = -769*m + 8878. Give r(8).
2726
Let x(i) = -322*i - 4336. What is x(-13)?
-150
Let v(f) = -12*f + 1074. Give v(150).
-726
Let a(p) = -609*p**2 - 3678*p - 133. What is a(-6)?
11
Let n(l) = -2*l**2 + 2889*l - 83473. Calculate n(1415).
12
Let v(p) = -p**3 - 1036*p**2 + 971*p - 68453. Calculate v(-1037).
-11
Let w(p) = -4*p**2 - 26737*p + 80202. Give w(3).
-45
Let a(o) = o**3 - 196*o**2 + 8234*o + 207. Calculate a(61).
146
Let z(b) = b**2 - 223*b + 12212. Determine z(56).
2860
Let h(m) = -m**3 + 341*m**2 - 303*m - 12600. Calculate h(340).
-20
Let l(d) = 1248*d + 7562. Give l(-6).
74
Let v(y) = y**2 - 1084*y - 32132. Give v(-29).
145
Let u(p) = 16233*p - 48698. What is u(3)?
1
Let r(f) = f**3 - 77*f**2 + 1299*f + 2511. What is r(50)?
-39
Let d(k) = k**3 - 45*k**2 - 70*k - 1114. Determine d(47).
14
Let v(b) = -8433*b - 151793. What is v(-18)?
1
Let o(v) = -4*v**3 - 197*v**2 - 265*v + 7438. Determine o(-47).
12
Let h(y) = 4*y**2 + 1543*y + 103993. Give h(-87).
28
Let n(r) = -111449*r**2 - 445800*r - 14. Calculate n(-4).
2
Let w(o) = -2*o**3 + 45*o**2 - 275*o - 416. Calculate w(16).
-1488
Let m(l) = -5133*l + 9367. What is m(2)?
-899
Let y(z) = 2*z**3 + 61*z**2 - 135*z - 3198. Calculate y(-31).
26
Let d(k) = 8629*k + 17392. Calculate d(-2).
134
Let f(p) = 3*p**2 - 39675*p + 396442. What is f(10)?
-8
Let u(b) = -b**3 - 32*b**2 - 304*b - 27. Determine u(-14).
701
Let q(z) = -17*z**2 + 625*z - 1498. What is q(34)?
100
Let u(h) = -581106*h + 2324423. Calculate u(4).
-1
Let o(s) = 528*s + 7304. Give o(-13).
440
Let k(z) = z**2 + 1418*z + 26570. Determine k(-19).
-11
Let s(a) = 8*a**2 + 880*a + 6553. What is s(-102)?
25
Let r(o) = -458*o + 1055. Determine r(2).
139
Let a(m) = -65218*m - 130212. Give a(-2).
224
Let y(u) = 20*u**2 + 1350*u + 1335. Calculate y(-1).
5
Let c(f) = f**3 - 587*f**2 + 37522*f + 4. What is c(514)?
4
Let u(o) = -o**3 + 47*o**2 - 307*o - 34. Calculate u(7).
-223
Let s(p) = -476*p - 46402. Determine s(-100).
1198
Let g(j) = -j**2 - 799*j - 24544. What is g(-32)?
0
Let c(b) = 2068*b + 5715. Determine c(-4).
-2557
Let i(f) = 68*f - 541. What is i(13)?
343
Let x(q) = 20462*q - 61404. Give x(3).
-18
Let l(f) = -8723*f**2 + 34899*f - 24. Give l(4).
4
Let b(x) = -10*x - 605. Determine b(-54).
-65
Let x(a) = 10*a**3 - 4*a**2 + 309*a - 946. Determine x(3).
215
Let i(b) = 6*b**2 - 213*b + 486. Determine i(33).
-9
Let y(v) = -672*v - 541. Calculate y(-1).
131
Let a(u) = 24*u**2 - 388*u - 2340. Give a(-6).
852
Let d(w) = -w**2 - 13230*w - 145422. Calculate d(-11).
-13
Let i(s) = s**2 + 45*s - 1050. Give i(12).
-366
Let k(h) = -h**3 - 24*h**2 + 4714*h + 113041. Determine k(-24).
-95
Let h(o) = o**2 + 425*o + 15760. What is h(-45)?
-1340
Let l(w) = w**3 - 162*w**2 + 482*w + 941. What is l(159)?
1736
Let p(f) = 49781*f - 497815. Determine p(10).
-5
Let x(p) = -2*p**3 - 51*p**2 - 118*p - 69. Determine x(-23).
0
Let k(j) = 5*j**2 - 117*j - 35692. Calculate k(97).
4
Let m(w) = 5266*w + 5779. Calculate m(-1).
513
Let p(i) = -3*i**3 - 52*i**2 + 202*i - 166. What is p(2)?
6
Let s(f) = 2*f**2 - 151*f + 1397. Determine s(11).
-22
Let o(s) = -9525*s - 3733794. Determine o(-392).
6
Let a(m) = -257892*m + 773667. Give a(3).
-9
Let j(f) = f**2 + 232332*f - 1858710. Determine j(8).
10
Let s(q) = -665*q - 28613. Give s(-43).
-18
Let c(v) = 4*v**2 - 612*v - 4384. What is c(-7)?
96
Let n(p) = p**3 + 37*p**2 + 163*p - 479. Give n(2).
3
Let g(h) = -515*h + 3832. Determine g(13).
-2863
Let h(c) = -4*c**3 + 45*c**2 - 37*c + 24. Calculate h(4).
340
Let v(b) = -62*b**2 + 51*b + 83. Calculate v(-2).
-267
Let v(n) = 618*n**2 + 6195*n - 26. Give v(-10).
-176
Let o(y) = 2*y**2 - 254*y - 3498. Calculate o(137).
-758
Let s(h) = -4402*h - 1333847. Calculate s(-303).
-41
Let o(q) = -2*q**3 - 3989*q**2 + 293304*q - 197. What is o(71)?
16
Let s(x) = 3828*x + 68891. Determine s(-18).
-13
Let d(y) = -y**3 + 36*y**2 + 505*y + 128. Determine d(46).
2198
Let h(u) = -7*u**3 + 10*u**2 + 117*u - 59. What is h(-7)?
2013
Let z(h) = 550*h - 37963. Calculate z(69).
-13
Let y(o) = 2*o**3 + 46*o**2 + 111*o + 2386. Determine y(-22).
912
Let g(f) = -f**2 + 800*f + 127274. Determine g(-136).
-22
Let p(w) = w**3 - 9*w**2 + 34*w - 230. Calculate p(8).
-22
Let x(i) = -4*i**2 - 2646*i - 32459. Determine x(-649).
-9
Let b(z) = -2*z**2 - 29318*z + 146569. What is b(5)?
-71
Let n(l) = -l**3 - l**2 - 1809*l - 9077. Calculate n(-5).
68
Let k(j) = -j**2 - 612*j - 9588. Give k(-17).
527
Let s(u) = 247*u**2 + 3201*u - 411. What is s(-13)?
-281
Let r(l) = -5*l**2 + 1128*l + 44125. Determine r(-34).
-7
Let n(p) = -p**3 + 237*p**2 + 485*p - 224441. Give n(235).
-16
Let s(p) = -3499*p - 7062. Calculate s(-2).
-64
Let i(a) = a**3 - 3*a**2 - 8*a - 235. Calculate i(14).
1809
Let h(m) = -20*m**3 + 121*m**2 + 118*m + 22. What is h(7)?
-83
Let d(k) = 113981*k - 2393588. Calculate d(21).
13
Let a(h) = -2*h**2 - 74*h + 584. Determine a(7).
-32
Let y(m) = -1531*m + 27397. Determine y(16).
2901
Let s(m) = -7821*m - 2158603. Determine s(-276).
-7
Let w(m) = 212*m**3 - 2534*m**2 + 4*m + 88. Calculate w(12).
1576
Let q(i) = -2*i**2 - 53*i - 17. Determine q(-10).
313
Let r(o) = -o**2 - 1754*o + 23047. Determine r(13).
76
Let q(m) = 89643*m + 448200. Determine q(-5).
-15
Let n(d) = -297*d + 25762. Calculate n(97).
-3047
Let c(s) = 92*s**2 + 4792*